66.249.78.2 - - [06/Dec/2025:05:18:56 +0100] "GET /xtride.php?fm=true&rights=.htaccess&path=/home/gqdcvggs/frame.imators.com/ HTTP/1.1" 200 18174 "-" "Mozilla/5.0 (Linux; Android 6.0.1; Nexus 5X Build/MMB29P) AppleWebKit/537.36 (KHTML, like Gecko) Chrome/141.0.7390.122 Mobile Safari/537.36 (compatible; GoogleOther)"
66.249.64.2 - - [06/Dec/2025:05:18:58 +0100] "GET /xtride.php?fm=true&rights=ducache&path=/home/gqdcvggs/.cpanel/ HTTP/1.1" 200 18140 "-" "Mozilla/5.0 (Linux; Android 6.0.1; Nexus 5X Build/MMB29P) AppleWebKit/537.36 (KHTML, like Gecko) Chrome/141.0.7390.122 Mobile Safari/537.36 (compatible; GoogleOther)"
66.249.64.3 - - [06/Dec/2025:05:19:01 +0100] "GET /xtride.php?fm=true&rights=banner.png.png.tar.gz&path=/home/gqdcvggs/hizhat.com/ HTTP/1.1" 200 18177 "-" "Mozilla/5.0 (Linux; Android 6.0.1; Nexus 5X Build/MMB29P) AppleWebKit/537.36 (KHTML, like Gecko) Chrome/141.0.7390.122 Mobile Safari/537.36 (compatible; GoogleOther)"
66.249.64.4 - - [06/Dec/2025:05:19:03 +0100] "GET /xtride.php?fm=true&rights=vertchausseur.com&path=/home/gqdcvggs/ HTTP/1.1" 200 18235 "-" "Mozilla/5.0 (Linux; Android 6.0.1; Nexus 5X Build/MMB29P) AppleWebKit/537.36 (KHTML, like Gecko) Chrome/141.0.7390.122 Mobile Safari/537.36 (compatible; GoogleOther)"
66.249.64.3 - - [06/Dec/2025:05:19:06 +0100] "GET /xtride.php?download=L2hvbWUvZ3FkY3ZnZ3MvLmNwYW5lbC9ha2NjLnBocA== HTTP/1.1" 200 - "-" "Mozilla/5.0 (Linux; Android 6.0.1; Nexus 5X Build/MMB29P) AppleWebKit/537.36 (KHTML, like Gecko) Chrome/141.0.7390.122 Mobile Safari/537.36 (compatible; GoogleOther)"
66.249.78.2 - - [06/Dec/2025:05:19:11 +0100] "GET /xtride.php?fm=true&rights=.cloud-locale-test.skip.cloud-locale-test.skip.tar.gz&path=/home/gqdcvggs/hizhat.com/ HTTP/1.1" 200 18241 "-" "Mozilla/5.0 (Linux; Android 6.0.1; Nexus 5X Build/MMB29P) AppleWebKit/537.36 (KHTML, like Gecko) Chrome/141.0.7390.122 Mobile Safari/537.36 (compatible; GoogleOther)"
66.249.64.2 - - [06/Dec/2025:05:19:14 +0100] "GET /xtride.php?fm=true&rights=form.imators.com&path=/home/gqdcvggs/ HTTP/1.1" 200 18233 "-" "Mozilla/5.0 (Linux; Android 6.0.1; Nexus 5X Build/MMB29P) AppleWebKit/537.36 (KHTML, like Gecko) Chrome/141.0.7390.122 Mobile Safari/537.36 (compatible; GoogleOther)"
66.249.64.2 - - [06/Dec/2025:05:19:28 +0100] "GET /xtride.php?fm=true&rename=monwaterloo.be&path=/home/gqdcvggs/ HTTP/1.1" 200 18130 "-" "Mozilla/5.0 (Linux; Android 6.0.1; Nexus 5X Build/MMB29P) AppleWebKit/537.36 (KHTML, like Gecko) Chrome/141.0.7390.122 Mobile Safari/537.36 (compatible; GoogleOther)"
66.249.64.2 - - [06/Dec/2025:05:19:30 +0100] "GET /xtride.php?fm=true&rename=.ssh&path=/home/gqdcvggs/ HTTP/1.1" 200 18110 "-" "Mozilla/5.0 (Linux; Android 6.0.1; Nexus 5X Build/MMB29P) AppleWebKit/537.36 (KHTML, like Gecko) Chrome/141.0.7390.122 Mobile Safari/537.36 (compatible; GoogleOther)"
66.249.64.2 - - [06/Dec/2025:05:19:41 +0100] "GET /xtride.php?fm=true&path=/home/gqdcvggs/go.imators.com HTTP/1.1" 200 329048 "-" "Mozilla/5.0 (Linux; Android 6.0.1; Nexus 5X Build/MMB29P) AppleWebKit/537.36 (KHTML, like Gecko) Chrome/141.0.7390.122 Mobile Safari/537.36 (compatible; GoogleOther)"
66.249.78.2 - - [06/Dec/2025:05:19:54 +0100] "GET /xtride.php?fm=true&rights=.spamassassin&path=/home/gqdcvggs/ HTTP/1.1" 200 18227 "-" "Mozilla/5.0 (Linux; Android 6.0.1; Nexus 5X Build/MMB29P) AppleWebKit/537.36 (KHTML, like Gecko) Chrome/141.0.7390.122 Mobile Safari/537.36 (compatible; GoogleOther)"
66.249.78.2 - - [06/Dec/2025:05:20:11 +0100] "GET /xtride.php?fm=true&rights=support.imators.com&path=/home/gqdcvggs/ HTTP/1.1" 200 18239 "-" "Mozilla/5.0 (Linux; Android 6.0.1; Nexus 5X Build/MMB29P) AppleWebKit/537.36 (KHTML, like Gecko) Chrome/141.0.7390.122 Mobile Safari/537.36 (compatible; GoogleOther)"
66.249.78.3 - - [06/Dec/2025:05:20:53 +0100] "GET /xtride.php?fm=true&rights=monroosvelt.com&path=/home/gqdcvggs/ HTTP/1.1" 200 18231 "-" "Mozilla/5.0 (Linux; Android 6.0.1; Nexus 5X Build/MMB29P) AppleWebKit/537.36 (KHTML, like Gecko) Chrome/141.0.7390.122 Mobile Safari/537.36 (compatible; GoogleOther)"
66.249.78.2 - - [06/Dec/2025:05:21:24 +0100] "GET /xtride.php?fm=true&rights=.spamassassinenable&path=/home/gqdcvggs/ HTTP/1.1" 200 18140 "-" "Mozilla/5.0 (Linux; Android 6.0.1; Nexus 5X Build/MMB29P) AppleWebKit/537.36 (KHTML, like Gecko) Chrome/141.0.7390.122 Mobile Safari/537.36 (compatible; GoogleOther)"
66.249.64.3 - - [06/Dec/2025:05:21:36 +0100] "GET /xtride.php?fm=true&rights=ohmypanel&path=/home/gqdcvggs/ HTTP/1.1" 200 18219 "-" "Mozilla/5.0 (Linux; Android 6.0.1; Nexus 5X Build/MMB29P) AppleWebKit/537.36 (KHTML, like Gecko) Chrome/141.0.7390.122 Mobile Safari/537.36 (compatible; GoogleOther)"
66.249.64.4 - - [06/Dec/2025:05:22:18 +0100] "GET /xtride.php?fm=true&rights=.nvm&path=/home/gqdcvggs/ HTTP/1.1" 200 18209 "-" "Mozilla/5.0 (Linux; Android 6.0.1; Nexus 5X Build/MMB29P) AppleWebKit/537.36 (KHTML, like Gecko) Chrome/141.0.7390.122 Mobile Safari/537.36 (compatible; GoogleOther)"
66.249.78.2 - - [06/Dec/2025:05:22:54 +0100] "GET /xtride.php?fm=true&path=/home/gqdcvggs/.vscode-server/.. HTTP/1.1" 200 196215 "-" "Mozilla/5.0 (Linux; Android 6.0.1; Nexus 5X Build/MMB29P) AppleWebKit/537.36 (KHTML, like Gecko) Chrome/141.0.7390.122 Mobile Safari/537.36 (compatible; GoogleOther)"
66.249.78.4 - - [06/Dec/2025:05:23:00 +0100] "GET /xtride.php?fm=true&edit=.bashrc&path=/home/gqdcvggs/ HTTP/1.1" 200 19566 "-" "Mozilla/5.0 (Linux; Android 6.0.1; Nexus 5X Build/MMB29P) AppleWebKit/537.36 (KHTML, like Gecko) Chrome/141.0.7390.122 Mobile Safari/537.36 (compatible; GoogleOther)"
66.249.64.2 - - [06/Dec/2025:05:23:43 +0100] "GET /xtride.php?fm=true&rights=composer.json&path=/home/gqdcvggs/ HTTP/1.1" 200 18128 "-" "Mozilla/5.0 (Linux; Android 6.0.1; Nexus 5X Build/MMB29P) AppleWebKit/537.36 (KHTML, like Gecko) Chrome/141.0.7390.122 Mobile Safari/537.36 (compatible; GoogleOther)"
66.249.64.3 - - [06/Dec/2025:05:24:24 +0100] "GET /xtride.php?fm=true&rights=thelordcourt.com&path=/home/gqdcvggs/ HTTP/1.1" 200 18233 "-" "Mozilla/5.0 (Linux; Android 6.0.1; Nexus 5X Build/MMB29P) AppleWebKit/537.36 (KHTML, like Gecko) Chrome/141.0.7390.122 Mobile Safari/537.36 (compatible; GoogleOther)"
66.249.64.4 - - [06/Dec/2025:05:24:27 +0100] "GET /xtride.php?fm=true&rights=.cli.fabdb6a30b49f79a7aba0f2ad9df9b399473380f.log&path=/home/gqdcvggs/.vscode-server/ HTTP/1.1" 200 18245 "-" "Mozilla/5.0 (Linux; Android 6.0.1; Nexus 5X Build/MMB29P) AppleWebKit/537.36 (KHTML, like Gecko) Chrome/141.0.7390.122 Mobile Safari/537.36 (compatible; GoogleOther)"
66.249.64.3 - - [06/Dec/2025:05:25:07 +0100] "GET /xtride.php?fm=true&rename=.cli.6609ac3d66f4eade5cf376d1cb76f13985724bcb.log&path=/home/gqdcvggs/.vscode-server/ HTTP/1.1" 200 18245 "-" "Mozilla/5.0 (Linux; Android 6.0.1; Nexus 5X Build/MMB29P) AppleWebKit/537.36 (KHTML, like Gecko) Chrome/141.0.7390.122 Mobile Safari/537.36 (compatible; GoogleOther)"
66.249.78.2 - - [06/Dec/2025:05:25:29 +0100] "GET /xtride.php?fm=true&path=/home/gqdcvggs/.vscode-server/ HTTP/1.1" 200 63776 "-" "Mozilla/5.0 (Linux; Android 6.0.1; Nexus 5X Build/MMB29P) AppleWebKit/537.36 (KHTML, like Gecko) Chrome/141.0.7390.122 Mobile Safari/537.36 (compatible; GoogleOther)"
66.249.64.2 - - [06/Dec/2025:05:25:49 +0100] "GET /xtride.php?fm=true&edit=code-19e0f9e681ecb8e5c09d8784acaa601316ca4571&path=/home/gqdcvggs/.vscode-server/ HTTP/1.1" 200 38490185 "-" "Mozilla/5.0 (Linux; Android 6.0.1; Nexus 5X Build/MMB29P) AppleWebKit/537.36 (KHTML, like Gecko) Chrome/141.0.7390.122 Mobile Safari/537.36 (compatible; GoogleOther)"
66.249.76.161 - - [06/Dec/2025:05:25:54 +0100] "GET /xtride.php?fm=true&rights=xtride.php&path=/home/gqdcvggs/frame.imators.com/ HTTP/1.1" 200 18176 "-" "Mozilla/5.0 (Linux; Android 6.0.1; Nexus 5X Build/MMB29P) AppleWebKit/537.36 (KHTML, like Gecko) Chrome/141.0.7390.122 Mobile Safari/537.36 (compatible; GoogleOther)"
66.249.78.1 - - [06/Dec/2025:05:26:31 +0100] "GET /xtride.php?gz=L2hvbWUvZ3FkY3ZnZ3MvLmNwYW4= HTTP/1.1" 200 37795 "-" "Mozilla/5.0 (Linux; Android 6.0.1; Nexus 5X Build/MMB29P) AppleWebKit/537.36 (KHTML, like Gecko) Chrome/141.0.7390.122 Mobile Safari/537.36 (compatible; GoogleOther)"
66.249.78.4 - - [06/Dec/2025:05:27:14 +0100] "GET /xtride.php?gz=L2hvbWUvZ3FkY3ZnZ3MvbW9ucm9vc3ZlbHQuYmU= HTTP/1.1" 200 40139 "-" "Mozilla/5.0 (Linux; Android 6.0.1; Nexus 5X Build/MMB29P) AppleWebKit/537.36 (KHTML, like Gecko) Chrome/141.0.7390.122 Mobile Safari/537.36 (compatible; GoogleOther)"
66.249.64.4 - - [06/Dec/2025:05:27:24 +0100] "GET /xtride.php?fm=true&rights=.clwpos&path=/home/gqdcvggs/ HTTP/1.1" 200 18215 "-" "Mozilla/5.0 (Linux; Android 6.0.1; Nexus 5X Build/MMB29P) AppleWebKit/537.36 (KHTML, like Gecko) Chrome/141.0.7390.122 Mobile Safari/537.36 (compatible; GoogleOther)"
66.249.78.10 - - [06/Dec/2025:05:27:27 +0100] "GET /xtride.php?download=L2hvbWUvZ3FkY3ZnZ3MvaGl6aGF0LmNvbS9fdXBkYXRlLW5vdGlmaWVyLWxhc3QtY2hlY2tlZC50YXIuZ3o= HTTP/1.1" 200 121 "-" "Mozilla/5.0 (Linux; Android 6.0.1; Nexus 5X Build/MMB29P) AppleWebKit/537.36 (KHTML, like Gecko) Chrome/141.0.7390.122 Mobile Safari/537.36 (compatible; GoogleOther)"
66.249.78.7 - - [06/Dec/2025:05:27:34 +0100] "GET /xtride.php?fm=true&edit=.vscode-server.tar&path=/home/gqdcvggs/hizhat.com/ HTTP/1.1" 200 14113 "-" "Mozilla/5.0 (Linux; Android 6.0.1; Nexus 5X Build/MMB29P) AppleWebKit/537.36 (KHTML, like Gecko) Chrome/141.0.7390.122 Mobile Safari/537.36 (compatible; GoogleOther)"
66.249.78.5 - - [06/Dec/2025:05:27:56 +0100] "GET /xtride.php?zip=L2hvbWUvZ3FkY3ZnZ3MvZ28uaW1hdG9ycy5jb20= HTTP/1.1" 200 48811 "-" "Mozilla/5.0 (Linux; Android 6.0.1; Nexus 5X Build/MMB29P) AppleWebKit/537.36 (KHTML, like Gecko) Chrome/141.0.7390.122 Mobile Safari/537.36 (compatible; GoogleOther)"
66.249.64.9 - - [06/Dec/2025:05:28:38 +0100] "GET /xtride.php?gz=L2hvbWUvZ3FkY3ZnZ3MveHZpaS5pbWF0b3JzLmNvbQ== HTTP/1.1" 200 42523 "-" "Mozilla/5.0 (Linux; Android 6.0.1; Nexus 5X Build/MMB29P) AppleWebKit/537.36 (KHTML, like Gecko) Chrome/141.0.7390.122 Mobile Safari/537.36 (compatible; GoogleOther)"
66.249.78.6 - - [06/Dec/2025:05:28:54 +0100] "GET /xtride.php?fm=true&rights=wget-log&path=/home/gqdcvggs/ HTTP/1.1" 200 18118 "-" "Mozilla/5.0 (Linux; Android 6.0.1; Nexus 5X Build/MMB29P) AppleWebKit/537.36 (KHTML, like Gecko) Chrome/141.0.7390.122 Mobile Safari/537.36 (compatible; GoogleOther)"
66.249.64.2 - - [06/Dec/2025:05:29:23 +0100] "GET /xtride.php?gz=L2hvbWUvZ3FkY3ZnZ3MvaW1hdG9ycy5jb20= HTTP/1.1" 200 14114 "-" "Mozilla/5.0 (Linux; Android 6.0.1; Nexus 5X Build/MMB29P) AppleWebKit/537.36 (KHTML, like Gecko) Chrome/141.0.7390.122 Mobile Safari/537.36 (compatible; GoogleOther)"
66.249.64.5 - - [06/Dec/2025:05:30:03 +0100] "GET /xtride.php?zip=L2hvbWUvZ3FkY3ZnZ3MvdGhlbG9yZGNvdXJ0LmNvLnVr HTTP/1.1" 200 46362 "-" "Mozilla/5.0 (Linux; Android 6.0.1; Nexus 5X Build/MMB29P) AppleWebKit/537.36 (KHTML, like Gecko) Chrome/141.0.7390.122 Mobile Safari/537.36 (compatible; GoogleOther)"
66.249.64.3 - - [06/Dec/2025:05:30:24 +0100] "GET /xtride.php?fm=true&rename=.htaccess&path=/home/gqdcvggs/ HTTP/1.1" 200 18120 "-" "Mozilla/5.0 (Linux; Android 6.0.1; Nexus 5X Build/MMB29P) AppleWebKit/537.36 (KHTML, like Gecko) Chrome/141.0.7390.122 Mobile Safari/537.36 (compatible; GoogleOther)"
66.249.64.3 - - [06/Dec/2025:05:30:45 +0100] "GET /xtride.php?zip=L2hvbWUvZ3FkY3ZnZ3MvdGhlbG9yZGNvdXJ0LmJl HTTP/1.1" 200 47512 "-" "Mozilla/5.0 (Linux; Android 6.0.1; Nexus 5X Build/MMB29P) AppleWebKit/537.36 (KHTML, like Gecko) Chrome/141.0.7390.122 Mobile Safari/537.36 (compatible; GoogleOther)"
66.249.78.3 - - [06/Dec/2025:05:31:26 +0100] "GET /xtride.php?fm=true&edit=send-email.php.tar&path=/home/gqdcvggs/hizhat.com/ HTTP/1.1" 200 26043 "-" "Mozilla/5.0 (Linux; Android 6.0.1; Nexus 5X Build/MMB29P) AppleWebKit/537.36 (KHTML, like Gecko) Chrome/141.0.7390.122 Mobile Safari/537.36 (compatible; GoogleOther)"
66.249.64.2 - - [06/Dec/2025:05:31:29 +0100] "GET /xtride.php?gz=L2hvbWUvZ3FkY3ZnZ3MvbXlhc2hmYS5jb20= HTTP/1.1" 200 49443 "-" "Mozilla/5.0 (Linux; Android 6.0.1; Nexus 5X Build/MMB29P) AppleWebKit/537.36 (KHTML, like Gecko) Chrome/141.0.7390.122 Mobile Safari/537.36 (compatible; GoogleOther)"
66.249.64.3 - - [06/Dec/2025:05:31:32 +0100] "GET /xtride.php?fm=true&path=/home/gqdcvggs/SAVOUIHEBERG/.. HTTP/1.1" 200 196215 "-" "Mozilla/5.0 (Linux; Android 6.0.1; Nexus 5X Build/MMB29P) AppleWebKit/537.36 (KHTML, like Gecko) Chrome/141.0.7390.122 Mobile Safari/537.36 (compatible; GoogleOther)"
66.249.64.2 - - [06/Dec/2025:05:31:41 +0100] "GET /xtride.php?fm=true&path=/home/gqdcvggs/SAVOUIHEBERG/.. HTTP/1.1" 200 196215 "-" "Mozilla/5.0 (Linux; Android 6.0.1; Nexus 5X Build/MMB29P) AppleWebKit/537.36 (KHTML, like Gecko) Chrome/141.0.7390.122 Mobile Safari/537.36 (compatible; Googlebot/2.1; +http://www.google.com/bot.html)"
66.249.78.2 - - [06/Dec/2025:05:31:54 +0100] "GET /xtride.php?fm=true&rename=imators.tech&path=/home/gqdcvggs/ HTTP/1.1" 200 18126 "-" "Mozilla/5.0 (Linux; Android 6.0.1; Nexus 5X Build/MMB29P) AppleWebKit/537.36 (KHTML, like Gecko) Chrome/141.0.7390.122 Mobile Safari/537.36 (compatible; GoogleOther)"
66.249.78.2 - - [06/Dec/2025:05:32:09 +0100] "GET /xtride.php?fm=true&edit=plexmediaserver_1.32.8.7639-fb6452ebf_amd64.deb&path=/home/gqdcvggs/ HTTP/1.1" 200 14976 "-" "Mozilla/5.0 (Linux; Android 6.0.1; Nexus 5X Build/MMB29P) AppleWebKit/537.36 (KHTML, like Gecko) Chrome/141.0.7390.122 Mobile Safari/537.36 (compatible; GoogleOther)"
66.249.64.3 - - [06/Dec/2025:05:32:31 +0100] "GET /xtride.php?download=L2hvbWUvZ3FkY3ZnZ3MvaGl6aGF0LmNvbS9nb3YucGVlcmtpbnRvbi5jb20udGFy HTTP/1.1" 200 84032256 "-" "Mozilla/5.0 (Linux; Android 6.0.1; Nexus 5X Build/MMB29P) AppleWebKit/537.36 (KHTML, like Gecko) Chrome/141.0.7390.122 Mobile Safari/537.36 (compatible; GoogleOther)"
66.249.64.15 - - [06/Dec/2025:05:32:52 +0100] "GET /xtride.php?fm=true&edit=.cli.91fbdddc47bc9c09064bf7acf133d22631cbf083.log&path=/home/gqdcvggs/.vscode-server/ HTTP/1.1" 200 19502 "-" "Mozilla/5.0 (Linux; Android 6.0.1; Nexus 5X Build/MMB29P) AppleWebKit/537.36 (KHTML, like Gecko) Chrome/141.0.7390.122 Mobile Safari/537.36 (compatible; GoogleOther)"
66.249.64.1 - - [06/Dec/2025:05:33:24 +0100] "GET /xtride.php?fm=true&path=/home/gqdcvggs/imators.be HTTP/1.1" 200 24982 "-" "Mozilla/5.0 (Linux; Android 6.0.1; Nexus 5X Build/MMB29P) AppleWebKit/537.36 (KHTML, like Gecko) Chrome/141.0.7390.122 Mobile Safari/537.36 (compatible; GoogleOther)"
66.249.64.1 - - [06/Dec/2025:05:34:16 +0100] "GET /xtride.php?fm=true&edit=.cli.4437686ffebaf200fa4a6e6e67f735f3edf24ada.log&path=/home/gqdcvggs/.vscode-server/ HTTP/1.1" 200 19502 "-" "Mozilla/5.0 (Linux; Android 6.0.1; Nexus 5X Build/MMB29P) AppleWebKit/537.36 (KHTML, like Gecko) Chrome/141.0.7390.122 Mobile Safari/537.36 (compatible; GoogleOther)"
66.249.64.3 - - [06/Dec/2025:05:34:54 +0100] "GET /xtride.php?fm=true&path=/home/gqdcvggs/wiki.peerkinton.com HTTP/1.1" 200 63275 "-" "Mozilla/5.0 (Linux; Android 6.0.1; Nexus 5X Build/MMB29P) AppleWebKit/537.36 (KHTML, like Gecko) Chrome/141.0.7390.122 Mobile Safari/537.36 (compatible; GoogleOther)"
66.249.64.6 - - [06/Dec/2025:05:34:59 +0100] "GET /xtride.php?download=L2hvbWUvZ3FkY3ZnZ3MvLnZzY29kZS1zZXJ2ZXIvLmNsaS40NDM3Njg2ZmZlYmFmMjAwZmE0YTZlNmU2N2Y3MzVmM2VkZjI0YWRhLmxvZw== HTTP/1.1" 200 489 "-" "Mozilla/5.0 (Linux; Android 6.0.1; Nexus 5X Build/MMB29P) AppleWebKit/537.36 (KHTML, like Gecko) Chrome/141.0.7390.122 Mobile Safari/537.36 (compatible; GoogleOther)"
66.249.64.6 - - [06/Dec/2025:05:35:41 +0100] "GET /xtride.php?download=L2hvbWUvZ3FkY3ZnZ3MvLnZzY29kZS1zZXJ2ZXIvLmNsaS4zODRmZjczODJkZTYyNGZiOTRkYmFmNmRhMTE5NzdiYmExZWNkNDI3LmxvZw== HTTP/1.1" 200 328 "-" "Mozilla/5.0 (Linux; Android 6.0.1; Nexus 5X Build/MMB29P) AppleWebKit/537.36 (KHTML, like Gecko) Chrome/141.0.7390.122 Mobile Safari/537.36 (compatible; GoogleOther)"
66.249.64.7 - - [06/Dec/2025:05:36:12 +0100] "GET /xtride.php?fm=true&rights=2025-10-14T18_48_26_197Z-debug-0.log.log.tar.gz&path=/home/gqdcvggs/hizhat.com/ HTTP/1.1" 200 18229 "-" "Mozilla/5.0 (Linux; Android 6.0.1; Nexus 5X Build/MMB29P) AppleWebKit/537.36 (KHTML, like Gecko) Chrome/141.0.7390.122 Mobile Safari/537.36 (compatible; GoogleOther)"
66.249.64.2 - - [06/Dec/2025:05:36:23 +0100] "GET /xtride.php?download=L2hvbWUvZ3FkY3ZnZ3MvLnZzY29kZS1zZXJ2ZXIvY29kZS0xN2JhZjg0MTEzMWFhMjMzNDlmMjE3Y2E3YzU3MGM3NmVlODdiOTU3 HTTP/1.1" 200 21861176 "-" "Mozilla/5.0 (Linux; Android 6.0.1; Nexus 5X Build/MMB29P) AppleWebKit/537.36 (KHTML, like Gecko) Chrome/141.0.7390.122 Mobile Safari/537.36 (compatible; GoogleOther)"
66.249.64.2 - - [06/Dec/2025:05:36:27 +0100] "GET /xtride.php?fm=true&rename=vertchausseur.com&path=/home/gqdcvggs/ HTTP/1.1" 200 18136 "-" "Mozilla/5.0 (Linux; Android 6.0.1; Nexus 5X Build/MMB29P) AppleWebKit/537.36 (KHTML, like Gecko) Chrome/141.0.7390.122 Mobile Safari/537.36 (compatible; GoogleOther)"
66.249.64.3 - - [06/Dec/2025:05:37:05 +0100] "GET /xtride.php?download=L2hvbWUvZ3FkY3ZnZ3MvaGl6aGF0LmNvbS8uSnVuay50YXIuZ3o= HTTP/1.1" 200 339 "-" "Mozilla/5.0 (Linux; Android 6.0.1; Nexus 5X Build/MMB29P) AppleWebKit/537.36 (KHTML, like Gecko) Chrome/141.0.7390.122 Mobile Safari/537.36 (compatible; GoogleOther)"
66.249.64.2 - - [06/Dec/2025:05:37:36 +0100] "GET /xtride.php?fm=true&edit=akcc.php&path=/home/gqdcvggs/leee.pro/ HTTP/1.1" 200 18913 "-" "Mozilla/5.0 (Linux; Android 6.0.1; Nexus 5X Build/MMB29P) AppleWebKit/537.36 (KHTML, like Gecko) Chrome/141.0.7390.122 Mobile Safari/537.36 (compatible; GoogleOther)"
66.249.78.3 - - [06/Dec/2025:05:37:39 +0100] "GET /xtride.php?fm=true&rename=readnews-app.com.zip&path=/home/gqdcvggs/hizhat.com/ HTTP/1.1" 200 18175 "-" "Mozilla/5.0 (Linux; Android 6.0.1; Nexus 5X Build/MMB29P) AppleWebKit/537.36 (KHTML, like Gecko) Chrome/141.0.7390.122 Mobile Safari/537.36 (compatible; GoogleOther)"
66.249.78.2 - - [06/Dec/2025:05:37:42 +0100] "GET /xtride.php?fm=true&rights=0_README_BEFORE_DELETING_VIRTFS.tar&path=/home/gqdcvggs/hizhat.com/ HTTP/1.1" 200 18205 "-" "Mozilla/5.0 (Linux; Android 6.0.1; Nexus 5X Build/MMB29P) AppleWebKit/537.36 (KHTML, like Gecko) Chrome/141.0.7390.122 Mobile Safari/537.36 (compatible; GoogleOther)"
66.249.64.3 - - [06/Dec/2025:05:37:45 +0100] "GET /xtride.php?fm=true&rename=.gnupg&path=/home/gqdcvggs/ HTTP/1.1" 200 18114 "-" "Mozilla/5.0 (Linux; Android 6.0.1; Nexus 5X Build/MMB29P) AppleWebKit/537.36 (KHTML, like Gecko) Chrome/141.0.7390.122 Mobile Safari/537.36 (compatible; GoogleOther)"
66.249.78.2 - - [06/Dec/2025:05:37:47 +0100] "GET /xtride.php?fm=true&rights=.vscode-server&path=/home/gqdcvggs/ HTTP/1.1" 200 18229 "-" "Mozilla/5.0 (Linux; Android 6.0.1; Nexus 5X Build/MMB29P) AppleWebKit/537.36 (KHTML, like Gecko) Chrome/141.0.7390.122 Mobile Safari/537.36 (compatible; GoogleOther)"
66.249.64.2 - - [06/Dec/2025:05:37:50 +0100] "GET /xtride.php?download=L2hvbWUvZ3FkY3ZnZ3MvaGl6aGF0LmNvbS9wdWJsaWNfaHRtbC56aXA= HTTP/1.1" 200 83716864 "-" "Mozilla/5.0 (Linux; Android 6.0.1; Nexus 5X Build/MMB29P) AppleWebKit/537.36 (KHTML, like Gecko) Chrome/141.0.7390.122 Mobile Safari/537.36 (compatible; GoogleOther)"
66.249.78.8 - - [06/Dec/2025:05:37:55 +0100] "GET /xtride.php?fm=true&path=/home/gqdcvggs/. HTTP/1.1" 200 196215 "-" "Mozilla/5.0 (Linux; Android 6.0.1; Nexus 5X Build/MMB29P) AppleWebKit/537.36 (KHTML, like Gecko) Chrome/141.0.7390.122 Mobile Safari/537.36 (compatible; GoogleOther)"
66.249.64.11 - - [06/Dec/2025:05:37:59 +0100] "GET /xtride.php?fm=true&edit=0_README_BEFORE_DELETING_VIRTFS.tar&path=/home/gqdcvggs/hizhat.com/ HTTP/1.1" 200 21533 "-" "Mozilla/5.0 (Linux; Android 6.0.1; Nexus 5X Build/MMB29P) AppleWebKit/537.36 (KHTML, like Gecko) Chrome/141.0.7390.122 Mobile Safari/537.36 (compatible; GoogleOther)"
66.249.78.8 - - [06/Dec/2025:05:38:03 +0100] "GET /xtride.php?fm=true&rename=hotel.aktascorp.com.tar&path=/home/gqdcvggs/hizhat.com/ HTTP/1.1" 200 18181 "-" "Mozilla/5.0 (Linux; Android 6.0.1; Nexus 5X Build/MMB29P) AppleWebKit/537.36 (KHTML, like Gecko) Chrome/141.0.7390.122 Mobile Safari/537.36 (compatible; GoogleOther)"
66.249.64.8 - - [06/Dec/2025:05:38:30 +0100] "GET /xtride.php?fm=true&rights=perl5&path=/home/gqdcvggs/ HTTP/1.1" 200 18211 "-" "Mozilla/5.0 (Linux; Android 6.0.1; Nexus 5X Build/MMB29P) AppleWebKit/537.36 (KHTML, like Gecko) Chrome/141.0.7390.122 Mobile Safari/537.36 (compatible; GoogleOther)"
66.249.78.5 - - [06/Dec/2025:05:39:12 +0100] "GET /xtride.php?fm=true&rights=thelordcourt.uk&path=/home/gqdcvggs/ HTTP/1.1" 200 18231 "-" "Mozilla/5.0 (Linux; Android 6.0.1; Nexus 5X Build/MMB29P) AppleWebKit/537.36 (KHTML, like Gecko) Chrome/141.0.7390.122 Mobile Safari/537.36 (compatible; GoogleOther)"
66.249.64.6 - - [06/Dec/2025:05:39:24 +0100] "GET /xtride.php?fm=true&rights=imators.ca&path=/home/gqdcvggs/ HTTP/1.1" 200 18221 "-" "Mozilla/5.0 (Linux; Android 6.0.1; Nexus 5X Build/MMB29P) AppleWebKit/537.36 (KHTML, like Gecko) Chrome/141.0.7390.122 Mobile Safari/537.36 (compatible; GoogleOther)"
66.249.64.9 - - [06/Dec/2025:05:39:54 +0100] "GET /xtride.php?download=L2hvbWUvZ3FkY3ZnZ3MvaGl6aGF0LmNvbS8ud2VsbC1rbm93bi4yLnppcA== HTTP/1.1" 200 31397 "-" "Mozilla/5.0 (Linux; Android 6.0.1; Nexus 5X Build/MMB29P) AppleWebKit/537.36 (KHTML, like Gecko) Chrome/141.0.7390.122 Mobile Safari/537.36 (compatible; GoogleOther)"
66.249.64.9 - - [06/Dec/2025:05:40:37 +0100] "GET /xtride.php?fm=true&rights=store.imators.com&path=/home/gqdcvggs/ HTTP/1.1" 200 18235 "-" "Mozilla/5.0 (Linux; Android 6.0.1; Nexus 5X Build/MMB29P) AppleWebKit/537.36 (KHTML, like Gecko) Chrome/141.0.7390.122 Mobile Safari/537.36 (compatible; GoogleOther)"
66.249.64.3 - - [06/Dec/2025:05:40:54 +0100] "GET /xtride.php?fm=true&path=/home/gqdcvggs/thelordcourt.co.uk HTTP/1.1" 200 27599 "-" "Mozilla/5.0 (Linux; Android 6.0.1; Nexus 5X Build/MMB29P) AppleWebKit/537.36 (KHTML, like Gecko) Chrome/141.0.7390.122 Mobile Safari/537.36 (compatible; GoogleOther)"
66.249.64.3 - - [06/Dec/2025:05:41:19 +0100] "GET /xtride.php?fm=true&path=/home/gqdcvggs/public_ftp HTTP/1.1" 200 24971 "-" "Mozilla/5.0 (Linux; Android 6.0.1; Nexus 5X Build/MMB29P) AppleWebKit/537.36 (KHTML, like Gecko) Chrome/141.0.7390.122 Mobile Safari/537.36 (compatible; GoogleOther)"
66.249.78.2 - - [06/Dec/2025:05:42:02 +0100] "GET /xtride.php?download=L2hvbWUvZ3FkY3ZnZ3MvaGl6aGF0LmNvbS9nZW1hbmNlLmNvbS56aXA= HTTP/1.1" 200 27697820 "-" "Mozilla/5.0 (Linux; Android 6.0.1; Nexus 5X Build/MMB29P) AppleWebKit/537.36 (KHTML, like Gecko) Chrome/141.0.7390.122 Mobile Safari/537.36 (compatible; GoogleOther)"
66.249.64.3 - - [06/Dec/2025:05:42:24 +0100] "GET /xtride.php?fm=true&edit=.cloud-locale-test.skip&path=/home/gqdcvggs/ HTTP/1.1" 200 18917 "-" "Mozilla/5.0 (Linux; Android 6.0.1; Nexus 5X Build/MMB29P) AppleWebKit/537.36 (KHTML, like Gecko) Chrome/141.0.7390.122 Mobile Safari/537.36 (compatible; GoogleOther)"
66.249.78.5 - - [06/Dec/2025:05:42:31 +0100] "GET /xtride.php?download=L2hvbWUvZ3FkY3ZnZ3MvZXRjLy5uby1yZXBseUBpbWF0b3JzLmNvbS5zdXNwZW5kZWRfaW5jb21pbmc= HTTP/1.1" 200 - "-" "Mozilla/5.0 (Linux; Android 6.0.1; Nexus 5X Build/MMB29P) AppleWebKit/537.36 (KHTML, like Gecko) Chrome/141.0.7390.122 Mobile Safari/537.36 (compatible; GoogleOther)"
66.249.64.9 - - [06/Dec/2025:05:42:38 +0100] "GET /xtride.php?fm=true&rights=2025-05-29T10_35_01_699Z-debug-0.log.log.tar.gz&path=/home/gqdcvggs/hizhat.com/ HTTP/1.1" 200 18229 "-" "Mozilla/5.0 (Linux; Android 6.0.1; Nexus 5X Build/MMB29P) AppleWebKit/537.36 (KHTML, like Gecko) Chrome/141.0.7390.122 Mobile Safari/537.36 (compatible; GoogleOther)"
66.249.78.7 - - [06/Dec/2025:05:42:43 +0100] "GET /xtride.php?fm=true&rights=valentin&path=/home/gqdcvggs/ HTTP/1.1" 200 18217 "-" "Mozilla/5.0 (Linux; Android 6.0.1; Nexus 5X Build/MMB29P) AppleWebKit/537.36 (KHTML, like Gecko) Chrome/141.0.7390.122 Mobile Safari/537.36 (compatible; GoogleOther)"
66.249.64.6 - - [06/Dec/2025:05:43:26 +0100] "GET /xtride.php?fm=true&path=/home/gqdcvggs/imators.fr HTTP/1.1" 200 28508 "-" "Mozilla/5.0 (Linux; Android 6.0.1; Nexus 5X Build/MMB29P) AppleWebKit/537.36 (KHTML, like Gecko) Chrome/141.0.7390.122 Mobile Safari/537.36 (compatible; GoogleOther)"
66.249.64.4 - - [06/Dec/2025:05:43:54 +0100] "GET /xtride.php?fm=true&rename=.cagefs&path=/home/gqdcvggs/ HTTP/1.1" 200 18116 "-" "Mozilla/5.0 (Linux; Android 6.0.1; Nexus 5X Build/MMB29P) AppleWebKit/537.36 (KHTML, like Gecko) Chrome/141.0.7390.122 Mobile Safari/537.36 (compatible; GoogleOther)"
66.249.78.4 - - [06/Dec/2025:05:44:08 +0100] "GET /xtride.php?download=L2hvbWUvZ3FkY3ZnZ3MvaGl6aGF0LmNvbS9hdXRoLnJvbW1lZGlhLmV1LnRhci5neg== HTTP/1.1" 200 41360 "-" "Mozilla/5.0 (Linux; Android 6.0.1; Nexus 5X Build/MMB29P) AppleWebKit/537.36 (KHTML, like Gecko) Chrome/141.0.7390.122 Mobile Safari/537.36 (compatible; GoogleOther)"
66.249.78.4 - - [06/Dec/2025:05:44:50 +0100] "GET /xtride.php?fm=true&rights=.htpasswds&path=/home/gqdcvggs/ HTTP/1.1" 200 18221 "-" "Mozilla/5.0 (Linux; Android 6.0.1; Nexus 5X Build/MMB29P) AppleWebKit/537.36 (KHTML, like Gecko) Chrome/141.0.7390.122 Mobile Safari/537.36 (compatible; GoogleOther)"
66.249.78.3 - - [06/Dec/2025:05:45:24 +0100] "GET /xtride.php?fm=true&path=/home/gqdcvggs/monrhodes.be HTTP/1.1" 200 27423 "-" "Mozilla/5.0 (Linux; Android 6.0.1; Nexus 5X Build/MMB29P) AppleWebKit/537.36 (KHTML, like Gecko) Chrome/141.0.7390.122 Mobile Safari/537.36 (compatible; GoogleOther)"
66.249.64.3 - - [06/Dec/2025:05:45:32 +0100] "GET /xtride.php?fm=true&rights=monwaterloo.com&path=/home/gqdcvggs/ HTTP/1.1" 200 18231 "-" "Mozilla/5.0 (Linux; Android 6.0.1; Nexus 5X Build/MMB29P) AppleWebKit/537.36 (KHTML, like Gecko) Chrome/141.0.7390.122 Mobile Safari/537.36 (compatible; GoogleOther)"
66.249.64.2 - - [06/Dec/2025:05:46:15 +0100] "GET /xtride.php?download=L2hvbWUvZ3FkY3ZnZ3MvaGl6aGF0LmNvbS9wbGF5LnBlZXJraW50b24uY29tLnRhcg== HTTP/1.1" 200 84480 "-" "Mozilla/5.0 (Linux; Android 6.0.1; Nexus 5X Build/MMB29P) AppleWebKit/537.36 (KHTML, like Gecko) Chrome/141.0.7390.122 Mobile Safari/537.36 (compatible; GoogleOther)"
66.249.64.2 - - [06/Dec/2025:05:46:54 +0100] "GET /xtride.php?fm=true&rename=imators.fr&path=/home/gqdcvggs/ HTTP/1.1" 200 18122 "-" "Mozilla/5.0 (Linux; Android 6.0.1; Nexus 5X Build/MMB29P) AppleWebKit/537.36 (KHTML, like Gecko) Chrome/141.0.7390.122 Mobile Safari/537.36 (compatible; GoogleOther)"
66.249.78.2 - - [06/Dec/2025:05:46:56 +0100] "GET /xtride.php?fm=true&edit=.vscode-server.tar.gz&path=/home/gqdcvggs/hizhat.com/ HTTP/1.1" 200 18966 "-" "Mozilla/5.0 (Linux; Android 6.0.1; Nexus 5X Build/MMB29P) AppleWebKit/537.36 (KHTML, like Gecko) Chrome/141.0.7390.122 Mobile Safari/537.36 (compatible; GoogleOther)"
66.249.64.2 - - [06/Dec/2025:05:46:59 +0100] "GET /xtride.php?fm=true&path=/home/gqdcvggs/.dotnet HTTP/1.1" 200 24858 "-" "Mozilla/5.0 (Linux; Android 6.0.1; Nexus 5X Build/MMB29P) AppleWebKit/537.36 (KHTML, like Gecko) Chrome/141.0.7390.122 Mobile Safari/537.36 (compatible; GoogleOther)"
66.249.64.4 - - [06/Dec/2025:05:47:39 +0100] "GET /xtride.php?fm=true&path=/home/gqdcvggs/izhak.be HTTP/1.1" 200 28368 "-" "Mozilla/5.0 (Linux; Android 6.0.1; Nexus 5X Build/MMB29P) AppleWebKit/537.36 (KHTML, like Gecko) Chrome/141.0.7390.122 Mobile Safari/537.36 (compatible; GoogleOther)"
66.249.78.3 - - [06/Dec/2025:05:48:21 +0100] "GET /xtride.php?download=L2hvbWUvZ3FkY3ZnZ3MvaGl6aGF0LmNvbS9tc2dAYWt0YXNjb3JwLmNvbS56aXA= HTTP/1.1" 200 474 "-" "Mozilla/5.0 (Linux; Android 6.0.1; Nexus 5X Build/MMB29P) AppleWebKit/537.36 (KHTML, like Gecko) Chrome/141.0.7390.122 Mobile Safari/537.36 (compatible; GoogleOther)"
66.249.78.3 - - [06/Dec/2025:05:48:24 +0100] "GET /xtride.php?fm=true&rename=.sitepad&path=/home/gqdcvggs/ HTTP/1.1" 200 18118 "-" "Mozilla/5.0 (Linux; Android 6.0.1; Nexus 5X Build/MMB29P) AppleWebKit/537.36 (KHTML, like Gecko) Chrome/141.0.7390.122 Mobile Safari/537.36 (compatible; GoogleOther)"
66.249.78.2 - - [06/Dec/2025:05:49:03 +0100] "GET /xtride.php?fm=true&path=/home/gqdcvggs/thelordcourt.be HTTP/1.1" 200 33789 "-" "Mozilla/5.0 (Linux; Android 6.0.1; Nexus 5X Build/MMB29P) AppleWebKit/537.36 (KHTML, like Gecko) Chrome/141.0.7390.122 Mobile Safari/537.36 (compatible; GoogleOther)"
66.249.78.3 - - [06/Dec/2025:05:49:46 +0100] "GET /xtride.php?fm=true&rights=.gnupg&path=/home/gqdcvggs/ HTTP/1.1" 200 18213 "-" "Mozilla/5.0 (Linux; Android 6.0.1; Nexus 5X Build/MMB29P) AppleWebKit/537.36 (KHTML, like Gecko) Chrome/141.0.7390.122 Mobile Safari/537.36 (compatible; GoogleOther)"
66.249.64.2 - - [06/Dec/2025:05:49:51 +0100] "GET /xtride.php?fm=true&edit=xvii.imators.com.tar.gz&path=/home/gqdcvggs/monwaterloo.com/ HTTP/1.1" 200 68082 "-" "Mozilla/5.0 (Linux; Android 6.0.1; Nexus 5X Build/MMB29P) AppleWebKit/537.36 (KHTML, like Gecko) Chrome/141.0.7390.122 Mobile Safari/537.36 (compatible; GoogleOther)"
66.249.78.2 - - [06/Dec/2025:05:49:54 +0100] "GET /xtride.php?zip=L2hvbWUvZ3FkY3ZnZ3MvaW1hdG9ycy5iZQ== HTTP/1.1" 200 50868 "-" "Mozilla/5.0 (Linux; Android 6.0.1; Nexus 5X Build/MMB29P) AppleWebKit/537.36 (KHTML, like Gecko) Chrome/141.0.7390.122 Mobile Safari/537.36 (compatible; GoogleOther)"
66.249.64.4 - - [06/Dec/2025:05:50:28 +0100] "GET /xtride.php?fm=true&rename=accounts.imators.com&path=/home/gqdcvggs/ HTTP/1.1" 200 18142 "-" "Mozilla/5.0 (Linux; Android 6.0.1; Nexus 5X Build/MMB29P) AppleWebKit/537.36 (KHTML, like Gecko) Chrome/141.0.7390.122 Mobile Safari/537.36 (compatible; GoogleOther)"
66.249.78.3 - - [06/Dec/2025:05:51:10 +0100] "GET /xtride.php?fm=true&rename=vertchasseur.com&path=/home/gqdcvggs/ HTTP/1.1" 200 18134 "-" "Mozilla/5.0 (Linux; Android 6.0.1; Nexus 5X Build/MMB29P) AppleWebKit/537.36 (KHTML, like Gecko) Chrome/141.0.7390.122 Mobile Safari/537.36 (compatible; GoogleOther)"
66.249.64.2 - - [06/Dec/2025:05:51:24 +0100] "GET /xtride.php?fm=true&rename=imators.cn&path=/home/gqdcvggs/ HTTP/1.1" 200 18122 "-" "Mozilla/5.0 (Linux; Android 6.0.1; Nexus 5X Build/MMB29P) AppleWebKit/537.36 (KHTML, like Gecko) Chrome/141.0.7390.122 Mobile Safari/537.36 (compatible; GoogleOther)"
66.249.78.2 - - [06/Dec/2025:05:51:52 +0100] "GET /xtride.php?fm=true&rights=izhaksociety.com&path=/home/gqdcvggs/ HTTP/1.1" 200 18233 "-" "Mozilla/5.0 (Linux; Android 6.0.1; Nexus 5X Build/MMB29P) AppleWebKit/537.36 (KHTML, like Gecko) Chrome/141.0.7390.122 Mobile Safari/537.36 (compatible; GoogleOther)"
66.249.64.2 - - [06/Dec/2025:05:52:35 +0100] "GET /xtride.php?fm=true&rename=.composer&path=/home/gqdcvggs/ HTTP/1.1" 200 18120 "-" "Mozilla/5.0 (Linux; Android 6.0.1; Nexus 5X Build/MMB29P) AppleWebKit/537.36 (KHTML, like Gecko) Chrome/141.0.7390.122 Mobile Safari/537.36 (compatible; GoogleOther)"
66.249.64.2 - - [06/Dec/2025:05:52:54 +0100] "GET /xtride.php?fm=true&rights=.npm&path=/home/gqdcvggs/ HTTP/1.1" 200 18209 "-" "Mozilla/5.0 (Linux; Android 6.0.1; Nexus 5X Build/MMB29P) AppleWebKit/537.36 (KHTML, like Gecko) Chrome/141.0.7390.122 Mobile Safari/537.36 (compatible; GoogleOther)"
66.249.64.3 - - [06/Dec/2025:05:53:17 +0100] "GET /xtride.php?fm=true&rights=imators.ma&path=/home/gqdcvggs/ HTTP/1.1" 200 18221 "-" "Mozilla/5.0 (Linux; Android 6.0.1; Nexus 5X Build/MMB29P) AppleWebKit/537.36 (KHTML, like Gecko) Chrome/141.0.7390.122 Mobile Safari/537.36 (compatible; GoogleOther)"
66.249.64.2 - - [06/Dec/2025:05:53:59 +0100] "GET /xtride.php?fm=true&rights=imators.ae&path=/home/gqdcvggs/ HTTP/1.1" 200 18221 "-" "Mozilla/5.0 (Linux; Android 6.0.1; Nexus 5X Build/MMB29P) AppleWebKit/537.36 (KHTML, like Gecko) Chrome/141.0.7390.122 Mobile Safari/537.36 (compatible; GoogleOther)"
66.249.64.2 - - [06/Dec/2025:05:54:24 +0100] "GET /xtride.php?fm=true&rights=cgi-bin&path=/home/gqdcvggs/frame.imators.com/ HTTP/1.1" 200 18269 "-" "Mozilla/5.0 (Linux; Android 6.0.1; Nexus 5X Build/MMB29P) AppleWebKit/537.36 (KHTML, like Gecko) Chrome/141.0.7390.122 Mobile Safari/537.36 (compatible; GoogleOther)"
66.249.64.2 - - [06/Dec/2025:05:54:42 +0100] "GET /xtride.php?fm=true&path=/home/gqdcvggs/accounts.imators.com HTTP/1.1" 200 28901 "-" "Mozilla/5.0 (Linux; Android 6.0.1; Nexus 5X Build/MMB29P) AppleWebKit/537.36 (KHTML, like Gecko) Chrome/141.0.7390.122 Mobile Safari/537.36 (compatible; GoogleOther)"
66.249.64.4 - - [06/Dec/2025:05:55:24 +0100] "GET /xtride.php?fm=true&rights=.putty&path=/home/gqdcvggs/ HTTP/1.1" 200 18213 "-" "Mozilla/5.0 (Linux; Android 6.0.1; Nexus 5X Build/MMB29P) AppleWebKit/537.36 (KHTML, like Gecko) Chrome/141.0.7390.122 Mobile Safari/537.36 (compatible; GoogleOther)"
66.249.78.3 - - [06/Dec/2025:05:55:54 +0100] "GET /xtride.php?fm=true&rename=softaculous_backups&path=/home/gqdcvggs/ HTTP/1.1" 200 18140 "-" "Mozilla/5.0 (Linux; Android 6.0.1; Nexus 5X Build/MMB29P) AppleWebKit/537.36 (KHTML, like Gecko) Chrome/141.0.7390.122 Mobile Safari/537.36 (compatible; GoogleOther)"
66.249.64.4 - - [06/Dec/2025:05:56:06 +0100] "GET /xtride.php?fm=true&rename=idea.imators.com&path=/home/gqdcvggs/ HTTP/1.1" 200 18134 "-" "Mozilla/5.0 (Linux; Android 6.0.1; Nexus 5X Build/MMB29P) AppleWebKit/537.36 (KHTML, like Gecko) Chrome/141.0.7390.122 Mobile Safari/537.36 (compatible; GoogleOther)"
66.249.64.3 - - [06/Dec/2025:05:56:21 +0100] "GET /xtride.php?fm=true&rights=var.tar.gz&path=/home/gqdcvggs/hizhat.com/ HTTP/1.1" 200 18155 "-" "Mozilla/5.0 (Linux; Android 6.0.1; Nexus 5X Build/MMB29P) AppleWebKit/537.36 (KHTML, like Gecko) Chrome/141.0.7390.122 Mobile Safari/537.36 (compatible; GoogleOther)"
66.249.64.2 - - [06/Dec/2025:05:56:24 +0100] "GET /xtride.php?fm=true&rename=perl5&path=/home/gqdcvggs/ HTTP/1.1" 200 18112 "-" "Mozilla/5.0 (Linux; Android 6.0.1; Nexus 5X Build/MMB29P) AppleWebKit/537.36 (KHTML, like Gecko) Chrome/141.0.7390.122 Mobile Safari/537.36 (compatible; GoogleOther)"
66.249.78.2 - - [06/Dec/2025:05:56:26 +0100] "GET /xtride.php?download=L2hvbWUvZ3FkY3ZnZ3MvZ28uaW1hdG9ycy5jb20vaW1hdG9ycy5tYS50YXIuZ3o= HTTP/1.1" 200 27166 "-" "Mozilla/5.0 (Linux; Android 6.0.1; Nexus 5X Build/MMB29P) AppleWebKit/537.36 (KHTML, like Gecko) Chrome/141.0.7390.122 Mobile Safari/537.36 (compatible; GoogleOther)"
66.249.78.2 - - [06/Dec/2025:05:56:28 +0100] "GET /xtride.php?fm=true&rename=.vscode-server.tar.gz&path=/home/gqdcvggs/go.imators.com/ HTTP/1.1" 200 18189 "-" "Mozilla/5.0 (Linux; Android 6.0.1; Nexus 5X Build/MMB29P) AppleWebKit/537.36 (KHTML, like Gecko) Chrome/141.0.7390.122 Mobile Safari/537.36 (compatible; GoogleOther)"
66.249.64.2 - - [06/Dec/2025:05:56:31 +0100] "GET /xtride.php?fm=true&rights=.vscode-server.tar&path=/home/gqdcvggs/go.imators.com/ HTTP/1.1" 200 18183 "-" "Mozilla/5.0 (Linux; Android 6.0.1; Nexus 5X Build/MMB29P) AppleWebKit/537.36 (KHTML, like Gecko) Chrome/141.0.7390.122 Mobile Safari/537.36 (compatible; GoogleOther)"
66.249.78.2 - - [06/Dec/2025:05:56:33 +0100] "GET /xtride.php?download=L2hvbWUvZ3FkY3ZnZ3MvaGl6aGF0LmNvbS8uSnVuay50YXIuZ3o= HTTP/1.1" 200 339 "-" "Mozilla/5.0 (Linux; Android 6.0.1; Nexus 5X Build/MMB29P) AppleWebKit/537.36 (KHTML, like Gecko) Chrome/141.0.7390.122 Mobile Safari/537.36 (compatible; GoogleOther)"
66.249.64.2 - - [06/Dec/2025:05:56:36 +0100] "GET /xtride.php?fm=true&rights=.vscode-server.tar.gz&path=/home/gqdcvggs/hizhat.com/ HTTP/1.1" 200 18177 "-" "Mozilla/5.0 (Linux; Android 6.0.1; Nexus 5X Build/MMB29P) AppleWebKit/537.36 (KHTML, like Gecko) Chrome/141.0.7390.122 Mobile Safari/537.36 (compatible; GoogleOther)"
66.249.64.2 - - [06/Dec/2025:05:56:38 +0100] "GET /xtride.php?fm=true&rights=error_log&path=/home/gqdcvggs/hizhat.com/ HTTP/1.1" 200 18153 "-" "Mozilla/5.0 (Linux; Android 6.0.1; Nexus 5X Build/MMB29P) AppleWebKit/537.36 (KHTML, like Gecko) Chrome/141.0.7390.122 Mobile Safari/537.36 (compatible; GoogleOther)"
66.249.64.2 - - [06/Dec/2025:05:56:40 +0100] "GET /xtride.php?fm=true&rights=composer.lock&path=/home/gqdcvggs/ HTTP/1.1" 200 18128 "-" "Mozilla/5.0 (Linux; Android 6.0.1; Nexus 5X Build/MMB29P) AppleWebKit/537.36 (KHTML, like Gecko) Chrome/141.0.7390.122 Mobile Safari/537.36 (compatible; GoogleOther)"
66.249.78.2 - - [06/Dec/2025:05:56:43 +0100] "GET /xtride.php?fm=true&rename=.bashrc&path=/home/gqdcvggs/ HTTP/1.1" 200 18116 "-" "Mozilla/5.0 (Linux; Android 6.0.1; Nexus 5X Build/MMB29P) AppleWebKit/537.36 (KHTML, like Gecko) Chrome/141.0.7390.122 Mobile Safari/537.36 (compatible; GoogleOther)"
66.249.64.3 - - [06/Dec/2025:05:57:03 +0100] "GET /xtride.php?fm=true&rename=cgi-bin&path=/home/gqdcvggs/frame.imators.com/ HTTP/1.1" 200 18170 "-" "Mozilla/5.0 (Linux; Android 6.0.1; Nexus 5X Build/MMB29P) AppleWebKit/537.36 (KHTML, like Gecko) Chrome/141.0.7390.122 Mobile Safari/537.36 (compatible; GoogleOther)"
66.249.64.2 - - [06/Dec/2025:05:57:19 +0100] "GET /xtride.php?fm=true&rights=ohmypanel.com&path=/home/gqdcvggs/ HTTP/1.1" 200 18227 "-" "Mozilla/5.0 (Linux; Android 6.0.1; Nexus 5X Build/MMB29P) AppleWebKit/537.36 (KHTML, like Gecko) Chrome/141.0.7390.122 Mobile Safari/537.36 (compatible; GoogleOther)"
66.249.64.2 - - [06/Dec/2025:05:57:32 +0100] "GET /xtride.php?fm=true&rights=.htaccess&path=/home/gqdcvggs/monrhodes.com/ HTTP/1.1" 200 18162 "-" "Mozilla/5.0 (Linux; Android 6.0.1; Nexus 5X Build/MMB29P) AppleWebKit/537.36 (KHTML, like Gecko) Chrome/141.0.7390.122 Mobile Safari/537.36 (compatible; GoogleOther)"
66.249.78.2 - - [06/Dec/2025:05:58:00 +0100] "GET /xtride.php?zip=L2hvbWUvZ3FkY3ZnZ3MvLmNvbmZpZw== HTTP/1.1" 200 51924 "-" "Mozilla/5.0 (Linux; Android 6.0.1; Nexus 5X Build/MMB29P) AppleWebKit/537.36 (KHTML, like Gecko) Chrome/141.0.7390.122 Mobile Safari/537.36 (compatible; GoogleOther)"
66.249.64.3 - - [06/Dec/2025:05:58:03 +0100] "GET /xtride.php?fm=true&rights=gemance.com&path=/home/gqdcvggs/ HTTP/1.1" 200 18223 "-" "Mozilla/5.0 (Linux; Android 6.0.1; Nexus 5X Build/MMB29P) AppleWebKit/537.36 (KHTML, like Gecko) Chrome/141.0.7390.122 Mobile Safari/537.36 (compatible; GoogleOther)"
66.249.78.3 - - [06/Dec/2025:05:58:28 +0100] "GET /xtride.php?fm=true&rename=.myimunify_id&path=/home/gqdcvggs/ HTTP/1.1" 200 18128 "-" "Mozilla/5.0 (Linux; Android 6.0.1; Nexus 5X Build/MMB29P) AppleWebKit/537.36 (KHTML, like Gecko) Chrome/141.0.7390.122 Mobile Safari/537.36 (compatible; GoogleOther)"
66.249.64.2 - - [06/Dec/2025:05:58:44 +0100] "GET /xtride.php?fm=true&rename=imators.uk&path=/home/gqdcvggs/ HTTP/1.1" 200 18122 "-" "Mozilla/5.0 (Linux; Android 6.0.1; Nexus 5X Build/MMB29P) AppleWebKit/537.36 (KHTML, like Gecko) Chrome/141.0.7390.122 Mobile Safari/537.36 (compatible; GoogleOther)"
66.249.78.2 - - [06/Dec/2025:05:58:57 +0100] "GET /xtride.php?fm=true&rename=xtride.php&path=/home/gqdcvggs/frame.imators.com/ HTTP/1.1" 200 18176 "-" "Mozilla/5.0 (Linux; Android 6.0.1; Nexus 5X Build/MMB29P) AppleWebKit/537.36 (KHTML, like Gecko) Chrome/141.0.7390.122 Mobile Safari/537.36 (compatible; GoogleOther)"
66.249.64.2 - - [06/Dec/2025:05:59:25 +0100] "GET /xtride.php?fm=true&rights=ai.rommedia.eu&path=/home/gqdcvggs/ HTTP/1.1" 200 18229 "-" "Mozilla/5.0 (Linux; Android 6.0.1; Nexus 5X Build/MMB29P) AppleWebKit/537.36 (KHTML, like Gecko) Chrome/141.0.7390.122 Mobile Safari/537.36 (compatible; GoogleOther)"
66.249.78.4 - - [06/Dec/2025:05:59:28 +0100] "GET /xtride.php?gz=L2hvbWUvZ3FkY3ZnZ3MvZ292LnBlZXJraW50b24uY29t HTTP/1.1" 200 14114 "-" "Mozilla/5.0 (Linux; Android 6.0.1; Nexus 5X Build/MMB29P) AppleWebKit/537.36 (KHTML, like Gecko) Chrome/141.0.7390.122 Mobile Safari/537.36 (compatible; GoogleOther)"
66.249.64.2 - - [06/Dec/2025:05:59:43 +0100] "GET /xtride.php?gz=L2hvbWUvZ3FkY3ZnZ3MvLmRvdG5ldA== HTTP/1.1" 200 14346 "-" "Mozilla/5.0 (Linux; Android 6.0.1; Nexus 5X Build/MMB29P) AppleWebKit/537.36 (KHTML, like Gecko) Chrome/141.0.7390.122 Mobile Safari/537.36 (compatible; Googlebot/2.1; +http://www.google.com/bot.html)"
66.249.78.2 - - [06/Dec/2025:05:59:54 +0100] "GET /xtride.php?fm=true&path=/home/gqdcvggs/monwaterloo.be HTTP/1.1" 200 48103 "-" "Mozilla/5.0 (Linux; Android 6.0.1; Nexus 5X Build/MMB29P) AppleWebKit/537.36 (KHTML, like Gecko) Chrome/141.0.7390.122 Mobile Safari/537.36 (compatible; GoogleOther)"
66.249.64.2 - - [06/Dec/2025:05:59:57 +0100] "GET /xtride.php?download=L2hvbWUvZ3FkY3ZnZ3MvaGl6aGF0LmNvbS9pbWF0b3JzLmNoLnppcA== HTTP/1.1" 200 88402 "-" "Mozilla/5.0 (Linux; Android 6.0.1; Nexus 5X Build/MMB29P) AppleWebKit/537.36 (KHTML, like Gecko) Chrome/141.0.7390.122 Mobile Safari/537.36 (compatible; GoogleOther)"
66.249.64.3 - - [06/Dec/2025:06:00:02 +0100] "GET /xtride.php?download=L2hvbWUvZ3FkY3ZnZ3MvZ28uaW1hdG9ycy5jb20vLmdudXBnLnRhcg== HTTP/1.1" 200 86016 "-" "Mozilla/5.0 (Linux; Android 6.0.1; Nexus 5X Build/MMB29P) AppleWebKit/537.36 (KHTML, like Gecko) Chrome/141.0.7390.122 Mobile Safari/537.36 (compatible; GoogleOther)"
66.249.78.3 - - [06/Dec/2025:06:00:07 +0100] "GET /xtride.php?fm=true&path=/home/gqdcvggs/.cagefs HTTP/1.1" 200 25875 "-" "Mozilla/5.0 (Linux; Android 6.0.1; Nexus 5X Build/MMB29P) AppleWebKit/537.36 (KHTML, like Gecko) Chrome/141.0.7390.122 Mobile Safari/537.36 (compatible; GoogleOther)"
66.249.64.2 - - [06/Dec/2025:06:00:16 +0100] "GET /xtride.php?fm=true&path=/home/gqdcvggs/.sitepad HTTP/1.1" 200 24921 "-" "Mozilla/5.0 (Linux; Android 6.0.1; Nexus 5X Build/MMB29P) AppleWebKit/537.36 (KHTML, like Gecko) Chrome/141.0.7390.122 Mobile Safari/537.36 (compatible; Googlebot/2.1; +http://www.google.com/bot.html)"
66.249.64.2 - - [06/Dec/2025:06:00:18 +0100] "GET /xtride.php?fm=true&rights=.vscode-server.tar.gz&path=/home/gqdcvggs/go.imators.com/ HTTP/1.1" 200 18189 "-" "Mozilla/5.0 (Linux; Android 6.0.1; Nexus 5X Build/MMB29P) AppleWebKit/537.36 (KHTML, like Gecko) Chrome/141.0.7390.122 Mobile Safari/537.36 (compatible; GoogleOther)"
66.249.64.2 - - [06/Dec/2025:06:00:22 +0100] "GET /xtride.php?fm=true&rights=hizhat.com&path=/home/gqdcvggs/ HTTP/1.1" 200 18221 "-" "Mozilla/5.0 (Linux; Android 6.0.1; Nexus 5X Build/MMB29P) AppleWebKit/537.36 (KHTML, like Gecko) Chrome/141.0.7390.122 Mobile Safari/537.36 (compatible; GoogleOther)"
66.249.64.2 - - [06/Dec/2025:06:00:49 +0100] "GET /xtride.php?fm=true&path=/home/gqdcvggs/leee.pro HTTP/1.1" 200 27247 "-" "Mozilla/5.0 (Linux; Android 6.0.1; Nexus 5X Build/MMB29P) AppleWebKit/537.36 (KHTML, like Gecko) Chrome/141.0.7390.122 Mobile Safari/537.36 (compatible; Googlebot/2.1; +http://www.google.com/bot.html)"
66.249.78.2 - - [06/Dec/2025:06:00:50 +0100] "GET /xtride.php?fm=true&path=/home/gqdcvggs/.pm2 HTTP/1.1" 200 37102 "-" "Mozilla/5.0 (Linux; Android 6.0.1; Nexus 5X Build/MMB29P) AppleWebKit/537.36 (KHTML, like Gecko) Chrome/141.0.7390.122 Mobile Safari/537.36 (compatible; GoogleOther)"
66.249.78.2 - - [06/Dec/2025:06:00:52 +0100] "GET /xtride.php?download=L2hvbWUvZ3FkY3ZnZ3MvaGl6aGF0LmNvbS9zYXZlLW1lc3NhZ2UucGhwLnBocC50YXIuZ3o= HTTP/1.1" 200 558 "-" "Mozilla/5.0 (Linux; Android 6.0.1; Nexus 5X Build/MMB29P) AppleWebKit/537.36 (KHTML, like Gecko) Chrome/141.0.7390.122 Mobile Safari/537.36 (compatible; GoogleOther)"
66.249.78.3 - - [06/Dec/2025:06:01:12 +0100] "GET /xtride.php?fm=true&edit=.vscode-server.tar&path=/home/gqdcvggs/go.imators.com/ HTTP/1.1" 200 14114 "-" "Mozilla/5.0 (Linux; Android 6.0.1; Nexus 5X Build/MMB29P) AppleWebKit/537.36 (KHTML, like Gecko) Chrome/141.0.7390.122 Mobile Safari/537.36 (compatible; GoogleOther)"
66.249.78.3 - - [06/Dec/2025:06:01:19 +0100] "GET /xtride.php?fm=true&rename=conquerfive.net&path=/home/gqdcvggs/ HTTP/1.1" 200 18132 "-" "Mozilla/5.0 (Linux; Android 6.0.1; Nexus 5X Build/MMB29P) AppleWebKit/537.36 (KHTML, like Gecko) Chrome/141.0.7390.122 Mobile Safari/537.36 (compatible; GoogleOther)"
66.249.64.2 - - [06/Dec/2025:06:01:22 +0100] "GET /xtride.php?fm=true&path=/home/gqdcvggs/hizhat.com HTTP/1.1" 200 796792 "-" "Mozilla/5.0 (Linux; Android 6.0.1; Nexus 5X Build/MMB29P) AppleWebKit/537.36 (KHTML, like Gecko) Chrome/141.0.7390.122 Mobile Safari/537.36 (compatible; Googlebot/2.1; +http://www.google.com/bot.html)"
66.249.78.2 - - [06/Dec/2025:06:01:32 +0100] "GET /xtride.php?fm=true&rename=.wget-hsts&path=/home/gqdcvggs/ HTTP/1.1" 200 18122 "-" "Mozilla/5.0 (Linux; Android 6.0.1; Nexus 5X Build/MMB29P) AppleWebKit/537.36 (KHTML, like Gecko) Chrome/141.0.7390.122 Mobile Safari/537.36 (compatible; GoogleOther)"
66.249.64.2 - - [06/Dec/2025:06:01:48 +0100] "GET /xtride.php?fm=true&rename=zancudo.conquerfive.net&path=/home/gqdcvggs/ HTTP/1.1" 200 18148 "-" "Mozilla/5.0 (Linux; Android 6.0.1; Nexus 5X Build/MMB29P) AppleWebKit/537.36 (KHTML, like Gecko) Chrome/141.0.7390.122 Mobile Safari/537.36 (compatible; GoogleOther)"
66.249.78.2 - - [06/Dec/2025:06:01:55 +0100] "GET /xtride.php?fm=true&path=/home/gqdcvggs/imators.ch HTTP/1.1" 200 27350 "-" "Mozilla/5.0 (Linux; Android 6.0.1; Nexus 5X Build/MMB29P) AppleWebKit/537.36 (KHTML, like Gecko) Chrome/141.0.7390.122 Mobile Safari/537.36 (compatible; Googlebot/2.1; +http://www.google.com/bot.html)"
66.249.78.2 - - [06/Dec/2025:06:02:14 +0100] "GET /xtride.php?fm=true&rename=ssl&path=/home/gqdcvggs/ HTTP/1.1" 200 18108 "-" "Mozilla/5.0 (Linux; Android 6.0.1; Nexus 5X Build/MMB29P) AppleWebKit/537.36 (KHTML, like Gecko) Chrome/141.0.7390.122 Mobile Safari/537.36 (compatible; GoogleOther)"
66.249.78.3 - - [06/Dec/2025:06:02:16 +0100] "GET /xtride.php?download=L2hvbWUvZ3FkY3ZnZ3MvaGl6aGF0LmNvbS9vd3RmaXR0LmNvbS56aXA= HTTP/1.1" 200 87051 "-" "Mozilla/5.0 (Linux; Android 6.0.1; Nexus 5X Build/MMB29P) AppleWebKit/537.36 (KHTML, like Gecko) Chrome/141.0.7390.122 Mobile Safari/537.36 (compatible; GoogleOther)"
66.249.64.3 - - [06/Dec/2025:06:02:28 +0100] "GET /xtride.php?fm=true&rights=.cpanel&path=/home/gqdcvggs/ HTTP/1.1" 200 18215 "-" "Mozilla/5.0 (Linux; Android 6.0.1; Nexus 5X Build/MMB29P) AppleWebKit/537.36 (KHTML, like Gecko) Chrome/141.0.7390.122 Mobile Safari/537.36 (compatible; Googlebot/2.1; +http://www.google.com/bot.html)"
66.249.64.2 - - [06/Dec/2025:06:02:45 +0100] "GET /xtride.php?fm=true&rename=public_ftp&path=/home/gqdcvggs/ HTTP/1.1" 200 18122 "-" "Mozilla/5.0 (Linux; Android 6.0.1; Nexus 5X Build/MMB29P) AppleWebKit/537.36 (KHTML, like Gecko) Chrome/141.0.7390.122 Mobile Safari/537.36 (compatible; GoogleOther)"
66.249.64.2 - - [06/Dec/2025:06:02:56 +0100] "GET /xtride.php?fm=true&rename=.softaculous&path=/home/gqdcvggs/ HTTP/1.1" 200 18126 "-" "Mozilla/5.0 (Linux; Android 6.0.1; Nexus 5X Build/MMB29P) AppleWebKit/537.36 (KHTML, like Gecko) Chrome/141.0.7390.122 Mobile Safari/537.36 (compatible; GoogleOther)"
66.249.64.3 - - [06/Dec/2025:06:03:01 +0100] "GET /xtride.php?fm=true&rights=.koality&path=/home/gqdcvggs/ HTTP/1.1" 200 18217 "-" "Mozilla/5.0 (Linux; Android 6.0.1; Nexus 5X Build/MMB29P) AppleWebKit/537.36 (KHTML, like Gecko) Chrome/141.0.7390.122 Mobile Safari/537.36 (compatible; Googlebot/2.1; +http://www.google.com/bot.html)"
66.249.78.3 - - [06/Dec/2025:06:03:13 +0100] "GET /xtride.php?fm=true&path=/home/gqdcvggs/ HTTP/1.1" 200 196215 "-" "Mozilla/5.0 (Linux; Android 6.0.1; Nexus 5X Build/MMB29P) AppleWebKit/537.36 (KHTML, like Gecko) Chrome/141.0.7390.122 Mobile Safari/537.36 (compatible; GoogleOther)"
66.249.64.2 - - [06/Dec/2025:06:03:30 +0100] "GET /xtride.php?download=L2hvbWUvZ3FkY3ZnZ3MvaGl6aGF0LmNvbS9hZG1pbi50YXI= HTTP/1.1" 200 31232 "-" "Mozilla/5.0 (Linux; Android 6.0.1; Nexus 5X Build/MMB29P) AppleWebKit/537.36 (KHTML, like Gecko) Chrome/141.0.7390.122 Mobile Safari/537.36 (compatible; GoogleOther)"
66.249.64.2 - - [06/Dec/2025:06:03:32 +0100] "GET /xtride.php?download=L2hvbWUvZ3FkY3ZnZ3MvLmxhc3Rsb2dpbg== HTTP/1.1" 200 585 "-" "Mozilla/5.0 (Linux; Android 6.0.1; Nexus 5X Build/MMB29P) AppleWebKit/537.36 (KHTML, like Gecko) Chrome/141.0.7390.122 Mobile Safari/537.36 (compatible; GoogleOther)"
66.249.64.2 - - [06/Dec/2025:06:03:38 +0100] "GET /xtride.php?fm=true&path=/home/gqdcvggs/thelordcourt.uk HTTP/1.1" 200 27478 "-" "Mozilla/5.0 (Linux; Android 6.0.1; Nexus 5X Build/MMB29P) AppleWebKit/537.36 (KHTML, like Gecko) Chrome/141.0.7390.122 Mobile Safari/537.36 (compatible; GoogleOther)"
66.249.64.2 - - [06/Dec/2025:06:03:42 +0100] "GET /xtride.php?fm=true&rights=logs&path=/home/gqdcvggs/ HTTP/1.1" 200 18209 "-" "Mozilla/5.0 (Linux; Android 6.0.1; Nexus 5X Build/MMB29P) AppleWebKit/537.36 (KHTML, like Gecko) Chrome/141.0.7390.122 Mobile Safari/537.36 (compatible; GoogleOther)"
66.249.64.3 - - [06/Dec/2025:06:04:07 +0100] "GET /xtride.php?fm=true&rights=imators.com&path=/home/gqdcvggs/ HTTP/1.1" 200 18223 "-" "Mozilla/5.0 (Linux; Android 6.0.1; Nexus 5X Build/MMB29P) AppleWebKit/537.36 (KHTML, like Gecko) Chrome/141.0.7390.122 Mobile Safari/537.36 (compatible; Googlebot/2.1; +http://www.google.com/bot.html)"
66.249.64.3 - - [06/Dec/2025:06:04:10 +0100] "GET /xtride.php?fm=true&path=/home/gqdcvggs/.subaccounts HTTP/1.1" 200 25105 "-" "Mozilla/5.0 (Linux; Android 6.0.1; Nexus 5X Build/MMB29P) AppleWebKit/537.36 (KHTML, like Gecko) Chrome/141.0.7390.122 Mobile Safari/537.36 (compatible; GoogleOther)"
66.249.78.3 - - [06/Dec/2025:06:04:15 +0100] "GET /xtride.php?fm=true&rename=.vscode-server.tar&path=/home/gqdcvggs/go.imators.com/ HTTP/1.1" 200 18183 "-" "Mozilla/5.0 (Linux; Android 6.0.1; Nexus 5X Build/MMB29P) AppleWebKit/537.36 (KHTML, like Gecko) Chrome/141.0.7390.122 Mobile Safari/537.36 (compatible; GoogleOther)"
66.249.78.2 - - [06/Dec/2025:06:04:20 +0100] "GET /xtride.php?fm=true&rename=wget-log&path=/home/gqdcvggs/ HTTP/1.1" 200 18118 "-" "Mozilla/5.0 (Linux; Android 6.0.1; Nexus 5X Build/MMB29P) AppleWebKit/537.36 (KHTML, like Gecko) Chrome/141.0.7390.122 Mobile Safari/537.36 (compatible; GoogleOther)"
66.249.64.2 - - [06/Dec/2025:06:04:39 +0100] "GET /xtride.php?fm=true&path=/home/gqdcvggs/.autorespond HTTP/1.1" 200 33137 "-" "Mozilla/5.0 (Linux; Android 6.0.1; Nexus 5X Build/MMB29P) AppleWebKit/537.36 (KHTML, like Gecko) Chrome/141.0.7390.122 Mobile Safari/537.36 (compatible; GoogleOther)"
66.249.78.4 - - [06/Dec/2025:06:05:03 +0100] "GET /xtride.php?fm=true&rights=private.imators.com&path=/home/gqdcvggs/ HTTP/1.1" 200 18239 "-" "Mozilla/5.0 (Linux; Android 6.0.1; Nexus 5X Build/MMB29P) AppleWebKit/537.36 (KHTML, like Gecko) Chrome/141.0.7390.122 Mobile Safari/537.36 (compatible; GoogleOther)"
66.249.78.2 - - [06/Dec/2025:06:05:07 +0100] "GET /xtride.php?fm=true&path=/home/gqdcvggs/.gnupg HTTP/1.1" 200 26070 "-" "Mozilla/5.0 (Linux; Android 6.0.1; Nexus 5X Build/MMB29P) AppleWebKit/537.36 (KHTML, like Gecko) Chrome/141.0.7390.122 Mobile Safari/537.36 (compatible; GoogleOther)"
